{"id":5452,"date":"2020-09-18T21:07:36","date_gmt":"2020-09-18T19:07:36","guid":{"rendered":"http:\/\/www.fsv-stadeln.de\/?page_id=5452"},"modified":"2025-08-17T16:29:31","modified_gmt":"2025-08-17T14:29:31","slug":"jugendleitung","status":"publish","type":"page","link":"https:\/\/www.fsv-stadeln.de\/?page_id=5452","title":{"rendered":"Jugendleitung"},"content":{"rendered":"\n<table id=\"tablepress-211\" class=\"tablepress tablepress-id-211\">\n<tbody class=\"row-striping row-hover\">\n<tr class=\"row-1\">\n\t<td class=\"column-1\">Gunther Brandenstein<\/td><td class=\"column-2\">0162 2482151<\/td><td class=\"column-3\"><\/td>\n<\/tr>\n<tr class=\"row-2\">\n\t<td class=\"column-1\">Ralf Herbert<\/td><td class=\"column-2\">0174 3105817<\/td><td class=\"column-3\"><\/td>\n<\/tr>\n<tr class=\"row-3\">\n\t<td class=\"column-1\">Stephan Minx<\/td><td class=\"column-2\">0172 8369821<\/td><td class=\"column-3\"><\/td>\n<\/tr>\n<tr class=\"row-4\">\n\t<td class=\"column-1\">Franz Oertel<\/td><td class=\"column-2\">0170 4980392<\/td><td class=\"column-3\"><\/td>\n<\/tr>\n<tr class=\"row-5\">\n\t<td class=\"column-1\">Jonas R\u00f6der<\/td><td class=\"column-2\">0176 84627661<\/td><td class=\"column-3\"><\/td>\n<\/tr>\n<tr class=\"row-6\">\n\t<td class=\"column-1\">Ria Xygas<\/td><td class=\"column-2\">0173 7184978<\/td><td class=\"column-3\">Koordinatorin f\u00fcr Frauen- und M\u00e4dchenfu\u00dfball<\/td>\n<\/tr>\n<\/tbody>\n<\/table>\n<!-- #tablepress-211 from cache -->\r\n<p><img loading=\"lazy\" decoding=\"async\" class=\"alignnone size-full wp-image-7524\" src=\"https:\/\/www.fsv-stadeln.de\/wp-content\/uploads\/2025\/02\/Jugendleitung_-54330.jpg\" alt=\"\" width=\"3000\" height=\"2000\" srcset=\"https:\/\/www.fsv-stadeln.de\/wp-content\/uploads\/2025\/02\/Jugendleitung_-54330.jpg 3000w, https:\/\/www.fsv-stadeln.de\/wp-content\/uploads\/2025\/02\/Jugendleitung_-54330-300x200.jpg 300w, https:\/\/www.fsv-stadeln.de\/wp-content\/uploads\/2025\/02\/Jugendleitung_-54330-1024x683.jpg 1024w, https:\/\/www.fsv-stadeln.de\/wp-content\/uploads\/2025\/02\/Jugendleitung_-54330-768x512.jpg 768w, https:\/\/www.fsv-stadeln.de\/wp-content\/uploads\/2025\/02\/Jugendleitung_-54330-1536x1024.jpg 1536w, https:\/\/www.fsv-stadeln.de\/wp-content\/uploads\/2025\/02\/Jugendleitung_-54330-2048x1365.jpg 2048w\" sizes=\"auto, (max-width: 3000px) 100vw, 3000px\" \/><\/p>\r\n","protected":false},"excerpt":{"rendered":"","protected":false},"author":1,"featured_media":0,"parent":5447,"menu_order":0,"comment_status":"closed","ping_status":"closed","template":"","meta":{"_monsterinsights_skip_tracking":false,"_monsterinsights_sitenote_active":false,"_monsterinsights_sitenote_note":"","_monsterinsights_sitenote_category":0,"footnotes":""},"class_list":["post-5452","page","type-page","status-publish","hentry"],"aioseo_notices":[],"_links":{"self":[{"href":"https:\/\/www.fsv-stadeln.de\/index.php?rest_route=\/wp\/v2\/pages\/5452","targetHints":{"allow":["GET"]}}],"collection":[{"href":"https:\/\/www.fsv-stadeln.de\/index.php?rest_route=\/wp\/v2\/pages"}],"about":[{"href":"https:\/\/www.fsv-stadeln.de\/index.php?rest_route=\/wp\/v2\/types\/page"}],"author":[{"embeddable":true,"href":"https:\/\/www.fsv-stadeln.de\/index.php?rest_route=\/wp\/v2\/users\/1"}],"replies":[{"embeddable":true,"href":"https:\/\/www.fsv-stadeln.de\/index.php?rest_route=%2Fwp%2Fv2%2Fcomments&post=5452"}],"version-history":[{"count":12,"href":"https:\/\/www.fsv-stadeln.de\/index.php?rest_route=\/wp\/v2\/pages\/5452\/revisions"}],"predecessor-version":[{"id":7719,"href":"https:\/\/www.fsv-stadeln.de\/index.php?rest_route=\/wp\/v2\/pages\/5452\/revisions\/7719"}],"up":[{"embeddable":true,"href":"https:\/\/www.fsv-stadeln.de\/index.php?rest_route=\/wp\/v2\/pages\/5447"}],"wp:attachment":[{"href":"https:\/\/www.fsv-stadeln.de\/index.php?rest_route=%2Fwp%2Fv2%2Fmedia&parent=5452"}],"curies":[{"name":"wp","href":"https:\/\/api.w.org\/{rel}","templated":true}]}}

<table id="tablepress-211" class="tablepress tablepress-id-211">
<tbody class="row-striping row-hover">
<tr class="row-1">
	<td class="column-1">Gunther Brandenstein</td><td class="column-2">0162 2482151</td><td class="column-3"></td>
</tr>
<tr class="row-2">
	<td class="column-1">Ralf Herbert</td><td class="column-2">0174 3105817</td><td class="column-3"></td>
</tr>
<tr class="row-3">
	<td class="column-1">Stephan Minx</td><td class="column-2">0172 8369821</td><td class="column-3"></td>
</tr>
<tr class="row-4">
	<td class="column-1">Franz Oertel</td><td class="column-2">0170 4980392</td><td class="column-3"></td>
</tr>
<tr class="row-5">
	<td class="column-1">Jonas Röder</td><td class="column-2">0176 84627661</td><td class="column-3"></td>
</tr>
<tr class="row-6">
	<td class="column-1">Ria Xygas</td><td class="column-2">0173 7184978</td><td class="column-3">Koordinatorin für Frauen- und Mädchenfußball</td>
</tr>
</tbody>
</table>
<!-- #tablepress-211 from cache -->
<p><img loading="lazy" decoding="async" class="alignnone size-full wp-image-7524" src="https://www.fsv-stadeln.de/wp-content/uploads/2025/02/Jugendleitung_-54330.jpg" alt="" width="3000" height="2000" srcset="https://www.fsv-stadeln.de/wp-content/uploads/2025/02/Jugendleitung_-54330.jpg 3000w, https://www.fsv-stadeln.de/wp-content/uploads/2025/02/Jugendleitung_-54330-300x200.jpg 300w, https://www.fsv-stadeln.de/wp-content/uploads/2025/02/Jugendleitung_-54330-1024x683.jpg 1024w, https://www.fsv-stadeln.de/wp-content/uploads/2025/02/Jugendleitung_-54330-768x512.jpg 768w, https://www.fsv-stadeln.de/wp-content/uploads/2025/02/Jugendleitung_-54330-1536x1024.jpg 1536w, https://www.fsv-stadeln.de/wp-content/uploads/2025/02/Jugendleitung_-54330-2048x1365.jpg 2048w" sizes="auto, (max-width: 3000px) 100vw, 3000px" /></p>
