{"id":5447,"date":"2020-09-18T21:07:14","date_gmt":"2020-09-18T19:07:14","guid":{"rendered":"http:\/\/www.fsv-stadeln.de\/?page_id=5447"},"modified":"2025-12-26T21:10:22","modified_gmt":"2025-12-26T20:10:22","slug":"jugend","status":"publish","type":"page","link":"https:\/\/www.fsv-stadeln.de\/?page_id=5447","title":{"rendered":"Jugend"},"content":{"rendered":"<div class=\"thumbnail thumbnail-image\"><span style=\"font-size: inherit;\">Hier finden Sie alle Informationen rund um unsere Jugend-Mannschaften.<\/span><\/div>\n<div class=\"details\">\n<div class=\"filename\">\n<div class=\"entry-content clearfix\">\n<p>Wir laden Sie herzlich ein, sich umzuschauen und zu informieren. Sollten Fragen offen bleiben, finden Sie unterhalb jeder Jugend den richtigen Ansprechpartner mit Kontaktdaten.<\/p>\n<p>Sie k\u00f6nnen sich auch gerne an die Jugendleitung wenden, die sich gerne Ihrer Fragen annimmt.<\/p>\n<p>Nun w\u00fcnschen wir Ihnen viel Spa\u00df beim Entdecken und viele sch\u00f6ne Eindr\u00fccke auf den Seiten unserer FSV-Jugend.<\/p>\n<\/div>\n<p><a href=\"http:\/\/www.fsv-stadeln.de\/?page_id=5452\">Jugendleitung<\/a><br \/>\n<a href=\"https:\/\/www.fsv-stadeln.de\/?page_id=6031\">A1-Junioren<br \/>\n<\/a><a style=\"font-size: 0.95em;\" href=\"https:\/\/www.fsv-stadeln.de\/?page_id=6061\">B-Juniorinnen<\/a><br \/>\n<a href=\"https:\/\/www.fsv-stadeln.de\/?page_id=6057\">B1-Junioren<\/a><br \/>\n<a href=\"https:\/\/www.fsv-stadeln.de\/?page_id=5624\">C-Juniorinnen<\/a><br \/>\n<a href=\"https:\/\/www.fsv-stadeln.de\/?page_id=7247\">C1-Junioren<\/a><br \/>\n<a href=\"https:\/\/www.fsv-stadeln.de\/?page_id=6378\">C2-Junioren<\/a><br \/>\n<a href=\"https:\/\/www.fsv-stadeln.de\/?page_id=5575\">D-Juniorinnen<\/a><br \/>\n<a href=\"https:\/\/www.fsv-stadeln.de\/?page_id=5556\">D1-Junioren<\/a><br \/>\n<a href=\"https:\/\/www.fsv-stadeln.de\/?page_id=5580\">D2-Junioren<\/a><br \/>\n<a href=\"https:\/\/www.fsv-stadeln.de\/?page_id=7263\">D3-Junioren<\/a><br \/>\n<a href=\"https:\/\/www.fsv-stadeln.de\/?page_id=6815\">E-Juniorinnen<\/a><br \/>\n<a href=\"https:\/\/www.fsv-stadeln.de\/?page_id=5549\">E1-Junioren<br \/>\n<\/a><a href=\"https:\/\/www.fsv-stadeln.de\/?page_id=6782\">E2-Junioren<\/a><br \/>\n<a href=\"https:\/\/www.fsv-stadeln.de\/?page_id=5636\">E3-Junioren<\/a><br \/>\n<a href=\"https:\/\/www.fsv-stadeln.de\/?page_id=6796\">E4-Junioren<\/a><br \/>\n<a href=\"https:\/\/www.fsv-stadeln.de\/?page_id=5540\">F1-Jugend<br \/>\n<\/a><a href=\"https:\/\/www.fsv-stadeln.de\/?page_id=6349\">F2-Jugend<\/a><br \/>\n<a href=\"https:\/\/www.fsv-stadeln.de\/?page_id=6149\">F3-Jugend<\/a><br \/>\n<a href=\"https:\/\/www.fsv-stadeln.de\/?page_id=6076\">F4-Jugend<\/a><br \/>\n<a href=\"https:\/\/www.fsv-stadeln.de\/?page_id=5518\">G1-Jugend<\/a><br \/>\n<a href=\"https:\/\/www.fsv-stadeln.de\/?page_id=7289\">G2-Jugend<\/a><\/p>\n<p>&nbsp;<\/p>\n<\/div>\n<\/div>\n","protected":false},"excerpt":{"rendered":"<p>Hier finden Sie alle Informationen rund um unsere Jugend-Mannschaften. Wir laden Sie herzlich ein, sich umzuschauen und zu informieren. Sollten Fragen offen bleiben, finden Sie unterhalb jeder Jugend den richtigen Ansprechpartner mit Kontaktdaten. Sie k\u00f6nnen sich auch gerne an die Jugendleitung wenden, die sich gerne Ihrer Fragen annimmt. Nun w\u00fcnschen wir Ihnen viel Spa\u00df beim Entdecken und viele sch\u00f6ne Eindr\u00fccke [&hellip;]<\/p>\n","protected":false},"author":1,"featured_media":0,"parent":0,"menu_order":0,"comment_status":"closed","ping_status":"closed","template":"","meta":{"_monsterinsights_skip_tracking":false,"_monsterinsights_sitenote_active":false,"_monsterinsights_sitenote_note":"","_monsterinsights_sitenote_category":0,"footnotes":""},"class_list":["post-5447","page","type-page","status-publish","hentry"],"aioseo_notices":[],"_links":{"self":[{"href":"https:\/\/www.fsv-stadeln.de\/index.php?rest_route=\/wp\/v2\/pages\/5447","targetHints":{"allow":["GET"]}}],"collection":[{"href":"https:\/\/www.fsv-stadeln.de\/index.php?rest_route=\/wp\/v2\/pages"}],"about":[{"href":"https:\/\/www.fsv-stadeln.de\/index.php?rest_route=\/wp\/v2\/types\/page"}],"author":[{"embeddable":true,"href":"https:\/\/www.fsv-stadeln.de\/index.php?rest_route=\/wp\/v2\/users\/1"}],"replies":[{"embeddable":true,"href":"https:\/\/www.fsv-stadeln.de\/index.php?rest_route=%2Fwp%2Fv2%2Fcomments&post=5447"}],"version-history":[{"count":35,"href":"https:\/\/www.fsv-stadeln.de\/index.php?rest_route=\/wp\/v2\/pages\/5447\/revisions"}],"predecessor-version":[{"id":7883,"href":"https:\/\/www.fsv-stadeln.de\/index.php?rest_route=\/wp\/v2\/pages\/5447\/revisions\/7883"}],"wp:attachment":[{"href":"https:\/\/www.fsv-stadeln.de\/index.php?rest_route=%2Fwp%2Fv2%2Fmedia&parent=5447"}],"curies":[{"name":"wp","href":"https:\/\/api.w.org\/{rel}","templated":true}]}}