{"id":464,"date":"2016-03-10T14:25:48","date_gmt":"2016-03-10T13:25:48","guid":{"rendered":"http:\/\/main.fsv-stadeln.de\/?page_id=464"},"modified":"2026-03-04T19:52:07","modified_gmt":"2026-03-04T18:52:07","slug":"anfahrt","status":"publish","type":"page","link":"https:\/\/www.fsv-stadeln.de\/?page_id=464","title":{"rendered":"Info &#8211; Anfahrt"},"content":{"rendered":"<p><strong>Zu unserer Haupt-Sportst\u00e4tte Waldsportanlage:<\/strong><\/p>\n<p>Bitte beachtet, der Zugang \u00fcber die Eisenbahnbr\u00fccke von Stadeln Mitte \u00fcber die Theodor-Heuss-Stra\u00dfe ist f\u00fcr <strong>Radfahrer und Fu\u00dfg\u00e4nger wieder m\u00f6glich.<\/strong><\/p>\n<p>Die Zugang zur Waldsportanlage f\u00fcr den <strong>KFZ-Verkehr ist nur \u00fcber Seeackerstra\u00dfe, Kronacherstra\u00dfe und Am Reichgraben m\u00f6glich.<\/strong><\/p>\n<p><strong>Wir weisen eindringlich darauf hin, dass es absolut untersagt ist, die Bahngleise per Fu\u00df zu \u00fcberqueren.<\/strong><\/p>\n<p><iframe loading=\"lazy\" style=\"border: 0;\" src=\"https:\/\/www.google.com\/maps\/embed?pb=!1m18!1m12!1m3!1d2590.7979235924113!2d10.983341315697439!3d49.5072099793563!2m3!1f0!2f0!3f0!3m2!1i1024!2i768!4f13.1!3m3!1m2!1s0x47a1fe31c54f6889%3A0x47ecfbad4c493d10!2sAm+Kronacher+Wald+2%2C+90765+F%C3%BCrth!5e0!3m2!1sde!2sde!4v1457616012896\" width=\"600\" height=\"450\" frameborder=\"0\" allowfullscreen=\"allowfullscreen\"><\/iframe><\/p>\n<hr \/>\n<p>Zu unserer zus\u00e4tzlichen Sportst\u00e4tte Schulsportplatz:<br \/>\n<iframe loading=\"lazy\" style=\"border: 0;\" src=\"https:\/\/www.google.com\/maps\/embed?pb=!1m18!1m12!1m3!1d2590.5363060916593!2d10.979210395634576!3d49.512149992833244!2m3!1f0!2f0!3f0!3m2!1i1024!2i768!4f13.1!3m3!1m2!1s0x47a1fe336279b45b%3A0xdc192dc367133523!2sHans-Sachs-Stra%C3%9Fe+30%2C+90765+F%C3%BCrth!5e0!3m2!1sde!2sde!4v1457616265920\" width=\"600\" height=\"450\" frameborder=\"0\" allowfullscreen=\"allowfullscreen\"><\/iframe><\/p>\n","protected":false},"excerpt":{"rendered":"<p>Zu unserer Haupt-Sportst\u00e4tte Waldsportanlage: Bitte beachtet, der Zugang \u00fcber die Eisenbahnbr\u00fccke von Stadeln Mitte \u00fcber die Theodor-Heuss-Stra\u00dfe ist f\u00fcr Radfahrer und Fu\u00dfg\u00e4nger wieder m\u00f6glich. Die Zugang zur Waldsportanlage f\u00fcr den KFZ-Verkehr ist nur \u00fcber Seeackerstra\u00dfe, Kronacherstra\u00dfe und Am Reichgraben m\u00f6glich. Wir weisen eindringlich darauf hin, dass es absolut untersagt ist, die Bahngleise per Fu\u00df zu \u00fcberqueren. Zu unserer zus\u00e4tzlichen Sportst\u00e4tte [&hellip;]<\/p>\n","protected":false},"author":1,"featured_media":0,"parent":0,"menu_order":0,"comment_status":"closed","ping_status":"closed","template":"","meta":{"_monsterinsights_skip_tracking":false,"_monsterinsights_sitenote_active":false,"_monsterinsights_sitenote_note":"","_monsterinsights_sitenote_category":0,"footnotes":""},"class_list":["post-464","page","type-page","status-publish","hentry"],"aioseo_notices":[],"_links":{"self":[{"href":"https:\/\/www.fsv-stadeln.de\/index.php?rest_route=\/wp\/v2\/pages\/464","targetHints":{"allow":["GET"]}}],"collection":[{"href":"https:\/\/www.fsv-stadeln.de\/index.php?rest_route=\/wp\/v2\/pages"}],"about":[{"href":"https:\/\/www.fsv-stadeln.de\/index.php?rest_route=\/wp\/v2\/types\/page"}],"author":[{"embeddable":true,"href":"https:\/\/www.fsv-stadeln.de\/index.php?rest_route=\/wp\/v2\/users\/1"}],"replies":[{"embeddable":true,"href":"https:\/\/www.fsv-stadeln.de\/index.php?rest_route=%2Fwp%2Fv2%2Fcomments&post=464"}],"version-history":[{"count":8,"href":"https:\/\/www.fsv-stadeln.de\/index.php?rest_route=\/wp\/v2\/pages\/464\/revisions"}],"predecessor-version":[{"id":7902,"href":"https:\/\/www.fsv-stadeln.de\/index.php?rest_route=\/wp\/v2\/pages\/464\/revisions\/7902"}],"wp:attachment":[{"href":"https:\/\/www.fsv-stadeln.de\/index.php?rest_route=%2Fwp%2Fv2%2Fmedia&parent=464"}],"curies":[{"name":"wp","href":"https:\/\/api.w.org\/{rel}","templated":true}]}}

<p><strong>Zu unserer Haupt-Sportstätte Waldsportanlage:</strong></p>
<p>Bitte beachtet, der Zugang über die Eisenbahnbrücke von Stadeln Mitte über die Theodor-Heuss-Straße ist für <strong>Radfahrer und Fußgänger wieder möglich.</strong></p>
<p>Die Zugang zur Waldsportanlage für den <strong>KFZ-Verkehr ist nur über Seeackerstraße, Kronacherstraße und Am Reichgraben möglich.</strong></p>
<p><strong>Wir weisen eindringlich darauf hin, dass es absolut untersagt ist, die Bahngleise per Fuß zu überqueren.</strong></p>
<p><iframe loading="lazy" style="border: 0;" src="https://www.google.com/maps/embed?pb=!1m18!1m12!1m3!1d2590.7979235924113!2d10.983341315697439!3d49.5072099793563!2m3!1f0!2f0!3f0!3m2!1i1024!2i768!4f13.1!3m3!1m2!1s0x47a1fe31c54f6889%3A0x47ecfbad4c493d10!2sAm+Kronacher+Wald+2%2C+90765+F%C3%BCrth!5e0!3m2!1sde!2sde!4v1457616012896" width="600" height="450" frameborder="0" allowfullscreen="allowfullscreen"></iframe></p>
<hr />
<p>Zu unserer zusätzlichen Sportstätte Schulsportplatz:<br />
<iframe loading="lazy" style="border: 0;" src="https://www.google.com/maps/embed?pb=!1m18!1m12!1m3!1d2590.5363060916593!2d10.979210395634576!3d49.512149992833244!2m3!1f0!2f0!3f0!3m2!1i1024!2i768!4f13.1!3m3!1m2!1s0x47a1fe336279b45b%3A0xdc192dc367133523!2sHans-Sachs-Stra%C3%9Fe+30%2C+90765+F%C3%BCrth!5e0!3m2!1sde!2sde!4v1457616265920" width="600" height="450" frameborder="0" allowfullscreen="allowfullscreen"></iframe></p>

<p>Zu unserer Haupt-Sportstätte Waldsportanlage: Bitte beachtet, der Zugang über die Eisenbahnbrücke von Stadeln Mitte über die Theodor-Heuss-Straße ist für Radfahrer und Fußgänger wieder möglich. Die Zugang zur Waldsportanlage für den KFZ-Verkehr ist nur über Seeackerstraße, Kronacherstraße und Am Reichgraben möglich. Wir weisen eindringlich darauf hin, dass es absolut untersagt ist, die Bahngleise per Fuß zu überqueren. Zu unserer zusätzlichen Sportstätte [&hellip;]</p>
