{"id":190,"date":"2016-03-04T14:07:04","date_gmt":"2016-03-04T13:07:04","guid":{"rendered":"http:\/\/main.fsv-stadeln.de\/?page_id=190"},"modified":"2026-03-17T19:09:01","modified_gmt":"2026-03-17T18:09:01","slug":"verein-sportgaststaette","status":"publish","type":"page","link":"https:\/\/www.fsv-stadeln.de\/?page_id=190","title":{"rendered":"Info &#8211; Sportgastst\u00e4tte"},"content":{"rendered":"\r\n<p><strong>Sportgastst\u00e4tte FSV Stadeln<br \/>P\u00e4chter: Anna-Lena Baur<br \/><\/strong><strong>Am Kronacher Wald 2<\/strong><\/p>\r\n<p><strong>90765 F\u00fcrth-Stadeln<br \/><\/strong><strong>Tel.: 0911 97921933<\/strong><\/p>\r\n","protected":false},"excerpt":{"rendered":"<p>Sportgastst\u00e4tte FSV StadelnP\u00e4chter: Anna-Lena BaurAm Kronacher Wald 2 90765 F\u00fcrth-StadelnTel.: 0911 97921933<\/p>\n","protected":false},"author":1,"featured_media":0,"parent":0,"menu_order":0,"comment_status":"closed","ping_status":"closed","template":"","meta":{"_monsterinsights_skip_tracking":false,"_monsterinsights_sitenote_active":false,"_monsterinsights_sitenote_note":"","_monsterinsights_sitenote_category":0,"footnotes":""},"class_list":["post-190","page","type-page","status-publish","hentry"],"aioseo_notices":[],"_links":{"self":[{"href":"https:\/\/www.fsv-stadeln.de\/index.php?rest_route=\/wp\/v2\/pages\/190","targetHints":{"allow":["GET"]}}],"collection":[{"href":"https:\/\/www.fsv-stadeln.de\/index.php?rest_route=\/wp\/v2\/pages"}],"about":[{"href":"https:\/\/www.fsv-stadeln.de\/index.php?rest_route=\/wp\/v2\/types\/page"}],"author":[{"embeddable":true,"href":"https:\/\/www.fsv-stadeln.de\/index.php?rest_route=\/wp\/v2\/users\/1"}],"replies":[{"embeddable":true,"href":"https:\/\/www.fsv-stadeln.de\/index.php?rest_route=%2Fwp%2Fv2%2Fcomments&post=190"}],"version-history":[{"count":36,"href":"https:\/\/www.fsv-stadeln.de\/index.php?rest_route=\/wp\/v2\/pages\/190\/revisions"}],"predecessor-version":[{"id":7909,"href":"https:\/\/www.fsv-stadeln.de\/index.php?rest_route=\/wp\/v2\/pages\/190\/revisions\/7909"}],"wp:attachment":[{"href":"https:\/\/www.fsv-stadeln.de\/index.php?rest_route=%2Fwp%2Fv2%2Fmedia&parent=190"}],"curies":[{"name":"wp","href":"https:\/\/api.w.org\/{rel}","templated":true}]}}

Info &#8211; Sportgaststätte

<p><strong>Sportgaststätte FSV Stadeln<br />Pächter: Anna-Lena Baur<br /></strong><strong>Am Kronacher Wald 2</strong></p>
<p><strong>90765 Fürth-Stadeln<br /></strong><strong>Tel.: 0911 97921933</strong></p>

<p>Sportgaststätte FSV StadelnPächter: Anna-Lena BaurAm Kronacher Wald 2 90765 Fürth-StadelnTel.: 0911 97921933</p>
