{"id":182,"date":"2016-03-04T14:05:30","date_gmt":"2016-03-04T13:05:30","guid":{"rendered":"http:\/\/main.fsv-stadeln.de\/?page_id=182"},"modified":"2025-09-10T20:23:34","modified_gmt":"2025-09-10T18:23:34","slug":"verein-mitglieder","status":"publish","type":"page","link":"https:\/\/www.fsv-stadeln.de\/?page_id=182","title":{"rendered":"Verein &#8211; Mitglieder"},"content":{"rendered":"<p>Der FSV Stadeln wurde 1958 gegr\u00fcndet und hat &#8211; Stand 2025 &#8211; 1150 Mitglieder.<\/p>\n<p>Unsere Mitglieder k\u00f6nnen in den Abteilungen: Fu\u00dfball, Tennis, Fitness und Dart ihrem Sport nachgehen.<\/p>\n<p>Die Spielklassen unserer Mannschaften:<\/p>\n<h4>Fussballsenioren<\/h4>\n\n<table id=\"tablepress-6\" class=\"tablepress tablepress-id-6\">\n<thead>\n<tr class=\"row-1\">\n\t<th class=\"column-1\">Mannschaft<\/th><th class=\"column-2\">Spielklasse<\/th>\n<\/tr>\n<\/thead>\n<tbody class=\"row-striping row-hover\">\n<tr class=\"row-2\">\n\t<td class=\"column-1\">1. Mannschaft<\/td><td class=\"column-2\">Bayernliga Nord<\/td>\n<\/tr>\n<tr class=\"row-3\">\n\t<td class=\"column-1\">1. Mannschaft Damen<\/td><td class=\"column-2\">Kreisklasse<\/td>\n<\/tr>\n<tr class=\"row-4\">\n\t<td class=\"column-1\">2. Mannschaft<\/td><td class=\"column-2\">Kreisliga N\u00fcrnberg\/Frankenh\u00f6he<\/td>\n<\/tr>\n<tr class=\"row-5\">\n\t<td class=\"column-1\">3. Mannschaft<\/td><td class=\"column-2\">B-Klasse N\u00fcrnberg<\/td>\n<\/tr>\n<tr class=\"row-6\">\n\t<td class=\"column-1\">IB Westphal<\/td><td class=\"column-2\">Freizeit Herren<\/td>\n<\/tr>\n<tr class=\"row-7\">\n\t<td class=\"column-1\">Alte Herren<\/td><td class=\"column-2\">Privatspiele<\/td>\n<\/tr>\n<\/tbody>\n<\/table>\n<!-- #tablepress-6 from cache -->\n<h4>Fussballjunioren<\/h4>\n\n<table id=\"tablepress-5\" class=\"tablepress tablepress-id-5\">\n<thead>\n<tr class=\"row-1\">\n\t<th class=\"column-1\">Mannschaft<\/th><th class=\"column-2\">Spielklasse<\/th>\n<\/tr>\n<\/thead>\n<tbody class=\"row-striping row-hover\">\n<tr class=\"row-2\">\n\t<td class=\"column-1\">U19 oder A-Jugend<\/td><td class=\"column-2\">Bezirksoberliga<\/td>\n<\/tr>\n<tr class=\"row-3\">\n\t<td class=\"column-1\">U17 oder B-Jugend<\/td><td class=\"column-2\">BOL Quali<\/td>\n<\/tr>\n<tr class=\"row-4\">\n\t<td class=\"column-1\">U15 oder C-Jugend<\/td><td class=\"column-2\">C1 Kreisliga, C2 Kreisgruppe<\/td>\n<\/tr>\n<tr class=\"row-5\">\n\t<td class=\"column-1\">U13 oder D-Jugend<\/td><td class=\"column-2\">D1 Kreisliga, D2 Kreisklasse<\/td>\n<\/tr>\n<tr class=\"row-6\">\n\t<td class=\"column-1\">U11 oder E-Jugend<\/td><td class=\"column-2\">Kreisgruppe<\/td>\n<\/tr>\n<tr class=\"row-7\">\n\t<td class=\"column-1\">U9 oder F-Jugend<\/td><td class=\"column-2\">Fairplay<\/td>\n<\/tr>\n<tr class=\"row-8\">\n\t<td class=\"column-1\">U7 oder G-Jugend<\/td><td class=\"column-2\">Fairplay<\/td>\n<\/tr>\n<\/tbody>\n<\/table>\n<!-- #tablepress-5 from cache -->\n<p><a href=\"http:\/\/www.fsv-stadeln.de\/wp-content\/uploads\/2018\/12\/01-FSV-Stadeln-Vereinssatzung-aktuell-wie-beim-Vereinsregister-hinterlegt.pdf\">F\u00fcr die Satzung des Fu\u00dfball-Sportverein Stadeln e.V. bitte hier klicken.<\/a><\/p>\n<h4>Tennis<\/h4>\n\n<table id=\"tablepress-7\" class=\"tablepress tablepress-id-7\">\n<thead>\n<tr class=\"row-1\">\n\t<th class=\"column-1\">Mannschaft<\/th><th class=\"column-2\">Spielklasse<\/th><th class=\"column-3\">Mannschaftsf\u00fchrer\/-in<\/th>\n<\/tr>\n<\/thead>\n<tbody class=\"row-striping row-hover\">\n<tr class=\"row-2\">\n\t<td class=\"column-1\">Damen <\/td><td class=\"column-2\"><a href=\"https:\/\/www.btv.de\/de\/spielbetrieb\/tabelle-spielplan.html?groupid=1840356\" title=\"Nordliga 3 Gr. 119\">Nordliga 3 Gr. 119<\/a><\/td><td class=\"column-3\">Eileen von der Liedt-Gro\u00df<\/td>\n<\/tr>\n<tr class=\"row-3\">\n\t<td class=\"column-1\">Damen 50 (4er)<\/td><td class=\"column-2\"><a href=\"https:\/\/www.btv.de\/de\/spielbetrieb\/tabelle-spielplan.html?groupid=1840578\" title=\"Nordliga 1 (4er) Gr. 336\">Nordliga 1 (4er) Gr. 336<\/a><\/td><td class=\"column-3\">Regina Weidmann<\/td>\n<\/tr>\n<tr class=\"row-4\">\n\t<td class=\"column-1\">Herren<\/td><td class=\"column-2\"><a href=\"https:\/\/www.btv.de\/de\/spielbetrieb\/tabelle-spielplan.html?groupid=1840254\" title=\"Nordliga 2 Gr. 024\">Nordliga 2 Gr. 024<\/a><a href=\"https:\/\/www.btv.de\/de\/spielbetrieb\/tabelle-spielplan.html?groupid=1840254\" title=\"Nordliga 2 Gr. 024\"><\/a><br \/>\n<br \/>\n<\/td><td class=\"column-3\">Christoph Pokluda<br \/>\n0160 8572761<\/td>\n<\/tr>\n<tr class=\"row-5\">\n\t<td class=\"column-1\">Herren 50<\/td><td class=\"column-2\"><a href=\"https:\/\/www.btv.de\/de\/spielbetrieb\/tabelle-spielplan.html?groupid=1840457\" title=\"Nordliga 1 Gr. 231\">Nordliga 1 Gr. 231<\/a><\/td><td class=\"column-3\">J\u00fcrgen Reiser<\/td>\n<\/tr>\n<tr class=\"row-6\">\n\t<td class=\"column-1\">Herren 55 (5er)<\/td><td class=\"column-2\"><a href=\"https:\/\/www.btv.de\/de\/spielbetrieb\/tabelle-spielplan.html?groupid=1840486\" title=\"Nordliga 1 Gr. 259\">Nordliga 1 Gr. 259<\/a><\/td><td class=\"column-3\">Herbert Kreuzer<\/td>\n<\/tr>\n<tr class=\"row-7\">\n\t<td class=\"column-1\">Herren 60 (4er)<\/td><td class=\"column-2\"><a href=\"https:\/\/www.btv.de\/de\/spielbetrieb\/tabelle-spielplan.html?groupid=1840507\" title=\"Nordliga 1 Gr. 267\">Nordliga 1 Gr. 267<\/a><\/td><td class=\"column-3\">Christian Blechschmidt<\/td>\n<\/tr>\n<tr class=\"row-8\">\n\t<td class=\"column-1\">Herren 65 (4er)<\/td><td class=\"column-2\"><a href=\"https:\/\/www.btv.de\/de\/spielbetrieb\/tabelle-spielplan.html?groupid=1840536\" title=\"Nordliga 2 Gr. 289\">Nordliga 2 Gr. 289<\/a><\/td><td class=\"column-3\">Gerhard K\u00e4smann<\/td>\n<\/tr>\n<tr class=\"row-9\">\n\t<td class=\"column-1\">Herren 70 (4er)<\/td><td class=\"column-2\"><a href=\"https:\/\/www.btv.de\/de\/spielbetrieb\/tabelle-spielplan.html?groupid=1822220\" title=\"Landesliga 2 Gr. 176 NO\">Landesliga 2 Gr. 176 NO<\/a><\/td><td class=\"column-3\">Gerhard Schneider<\/td>\n<\/tr>\n<tr class=\"row-10\">\n\t<td class=\"column-1\">Juniorinnen U18<\/td><td class=\"column-2\"><a href=\"https:\/\/www.btv.de\/de\/spielbetrieb\/tabelle-spielplan.html?groupid=1840674\" title=\"Nordliga 3 Gr. 439\">Nordliga 3 Gr. 439<\/a><\/td><td class=\"column-3\">Collyne Achangwa<\/td>\n<\/tr>\n<tr class=\"row-11\">\n\t<td class=\"column-1\">Knaben U15<\/td><td class=\"column-2\"><a href=\"https:\/\/www.btv.de\/de\/spielbetrieb\/tabelle-spielplan.html?groupid=1840646\" title=\"Nordliga 4 Gr. 418\">Nordliga 4 Gr. 418<\/a><\/td><td class=\"column-3\">Timo Starkmann<\/td>\n<\/tr>\n<tr class=\"row-12\">\n\t<td class=\"column-1\">Bambini U12<\/td><td class=\"column-2\"><a href=\"https:\/\/www.btv.de\/de\/spielbetrieb\/tabelle-spielplan.html?groupid=1840939\" title=\"Nordliga 4 Gr. 522\">Nordliga 4 Gr. 522<\/a><\/td><td class=\"column-3\">Luca Meyer<\/td>\n<\/tr>\n<tr class=\"row-13\">\n\t<td class=\"column-1\">Midcourt U10<\/td><td class=\"column-2\"><a href=\"https:\/\/www.btv.de\/de\/spielbetrieb\/tabelle-spielplan.html?groupid=1841056\" title=\"Nordliga 2 Gr. 553\">Nordliga 2 Gr. 553<\/a><\/td><td class=\"column-3\">Martina Szajkowska<\/td>\n<\/tr>\n<tr class=\"row-14\">\n\t<td class=\"column-1\">Kleinfeld U9<\/td><td class=\"column-2\"><a href=\"https:\/\/www.btv.de\/de\/spielbetrieb\/tabelle-spielplan.html?groupid=1841201\" title=\"Nordliga 2 Gr. 581\">Nordliga 2 Gr. 581<\/a><\/td><td class=\"column-3\">Martina Szajkowska<\/td>\n<\/tr>\n<tr class=\"row-15\">\n\t<td class=\"column-1\">Kleinfeld U8<\/td><td class=\"column-2\"><a href=\"https:\/\/www.btv.de\/de\/spielbetrieb\/tabelle-spielplan.html?groupid=1841270\" title=\"Nordliga 1 Gr. 599\">Nordliga 1 Gr. 599<\/a> <\/td><td class=\"column-3\">Jonas Wania<\/td>\n<\/tr>\n<\/tbody>\n<\/table>\n<!-- #tablepress-7 from cache -->\n","protected":false},"excerpt":{"rendered":"<p>Der FSV Stadeln wurde 1958 gegr\u00fcndet und hat &#8211; Stand 2025 &#8211; 1150 Mitglieder. Unsere Mitglieder k\u00f6nnen in den Abteilungen: Fu\u00dfball, Tennis, Fitness und Dart ihrem Sport nachgehen. Die Spielklassen unserer Mannschaften: Fussballsenioren Fussballjunioren F\u00fcr die Satzung des Fu\u00dfball-Sportverein Stadeln e.V. bitte hier klicken. Tennis<\/p>\n","protected":false},"author":1,"featured_media":0,"parent":0,"menu_order":0,"comment_status":"closed","ping_status":"closed","template":"","meta":{"_monsterinsights_skip_tracking":false,"_monsterinsights_sitenote_active":false,"_monsterinsights_sitenote_note":"","_monsterinsights_sitenote_category":0,"footnotes":""},"class_list":["post-182","page","type-page","status-publish","hentry"],"aioseo_notices":[],"_links":{"self":[{"href":"https:\/\/www.fsv-stadeln.de\/index.php?rest_route=\/wp\/v2\/pages\/182","targetHints":{"allow":["GET"]}}],"collection":[{"href":"https:\/\/www.fsv-stadeln.de\/index.php?rest_route=\/wp\/v2\/pages"}],"about":[{"href":"https:\/\/www.fsv-stadeln.de\/index.php?rest_route=\/wp\/v2\/types\/page"}],"author":[{"embeddable":true,"href":"https:\/\/www.fsv-stadeln.de\/index.php?rest_route=\/wp\/v2\/users\/1"}],"replies":[{"embeddable":true,"href":"https:\/\/www.fsv-stadeln.de\/index.php?rest_route=%2Fwp%2Fv2%2Fcomments&post=182"}],"version-history":[{"count":22,"href":"https:\/\/www.fsv-stadeln.de\/index.php?rest_route=\/wp\/v2\/pages\/182\/revisions"}],"predecessor-version":[{"id":7745,"href":"https:\/\/www.fsv-stadeln.de\/index.php?rest_route=\/wp\/v2\/pages\/182\/revisions\/7745"}],"wp:attachment":[{"href":"https:\/\/www.fsv-stadeln.de\/index.php?rest_route=%2Fwp%2Fv2%2Fmedia&parent=182"}],"curies":[{"name":"wp","href":"https:\/\/api.w.org\/{rel}","templated":true}]}}